rmine m(12).
-63
Let d(y) = -y**3 + 4*y**2 + 6*y + 20. Determine d(6).
-16
Let j(v) = 16*v + 30. What is j(-8)?
-98
Let t(d) = d**2 - 12*d + 9. What is t(7)?
-26
Let t(b) = -b**3 - 8*b**2 - 15*b + 1. Give t(-5).
1
Let l(m) = -m**2 - 2. What is l(0)?
-2
Let d(j) = -12*j + 41. Determine d(16).
-151
Let g(v) = -2*v**2 - 22*v - 56. Determine g(-5).
4
Let z(d) = 3*d - 5. What is z(8)?
19
Let o(j) = -39*j**3 + j + 1. Determine o(-1).
39
Let z(o) = -o**3 - 15*o**2 - o - 25. Calculate z(-15).
-10
Let p(l) = -6*l - 50. Calculate p(-20).
70
Let r(m) = -m**3 + m**2 - 28. What is r(0)?
-28
Let d(b) = b**3 - 8*b**2 - 10*b + 12. Give d(9).
3
Let c(w) = -4*w + 10. Give c(9).
-26
Let a(y) = -y**2 - 16*y + 8. Give a(-15).
23
Let f(m) = -m**3 - 4*m**2 + 3*m + 6. What is f(-5)?
16
Let g(f) = 12*f - 2. Determine g(-1).
-14
Let f(l) = 2*l + 47. Determine f(-21).
5
Let v(c) = -33*c**3 + 2*c**2 - 1. What is v(1)?
-32
Let h(g) = 12*g**3 - 2*g**2 - g. What is h(-1)?
-13
Let z(d) = d**2 + 7*d + 8. Determine z(-12).
68
Let m(s) = -s + 9. Calculate m(14).
-5
Let p(b) = 8*b + 4. Give p(1).
12
Let n(m) = -m**3 + 12*m**2 - 10*m - 11. Determine n(11).
0
Let z(d) = 3*d**2 + 5*d - 2. Give z(-4).
26
Let j(h) = -6*h**3 - 12*h**2 + 1. Calculate j(-3).
55
Let o(i) = -4*i + 5. What is o(5)?
-15
Let v(d) = 3*d - 9. Give v(8).
15
Let x(r) = r**2 - 8*r - 3. Determine x(-2).
17
Let w(j) = -j**3 + 16*j**2 + 16*j + 18. Calculate w(17).
1
Let d(c) = c**3 - 2*c**2 - 4*c + 1. Calculate d(4).
17
Let h(j) = j - 19. What is h(9)?
-10
Let m(v) = 3*v**3 - 11*v**2 - v - 14. Give m(4).
-2
Let a(x) = 2*x**2 + 11*x - 43. Give a(6).
95
Let a(q) = 3*q**2 - 4*q + 7. Calculate a(2).
11
Let p(o) = -17*o - 9. Give p(-1).
8
Let o(a) = a**3 + 4*a**2 - 15*a - 8. Determine o(-6).
10
Let m(q) = -q**2 - 15*q - 35. Calculate m(-11).
9
Let q(m) = -6*m - 32. Determine q(-6).
4
Let m(p) = -p**3 + 11*p**2 - 20*p + 21. Give m(9).
3
Let q(s) = -5*s + 11. Give q(6).
-19
Let c(v) = v**3 - v**2 - 2*v. Calculate c(0).
0
Let i(d) = -d**3 - 6*d**2 + 2*d - 5. Calculate i(-6).
-17
Let l(n) = -9*n**2 - n + 4. Give l(-2).
-30
Let c(a) = 13*a + 4. Calculate c(-3).
-35
Let n(y) = -9*y + 15. Determine n(3).
-12
Let s(b) = -b**3 + 6*b**2 - 5*b + 2. Give s(1).
2
Let v(m) = 13*m - 542. Give v(41).
-9
Let n(y) = -7*y + 49. Give n(9).
-14
Let m(r) = 10*r**3 + r. Give m(1).
11
Let n(m) = 2*m**3 + 6*m**2 + 2*m + 7. Give n(-4).
-33
Let f(z) = -z**2 - 5*z + 10. Calculate f(-5).
10
Let n(f) = -3*f**3 - 14*f + 14. Give n(1).
-3
Let u(f) = 14*f - 1. Give u(1).
13
Let d(m) = 11*m + 1. What is d(1)?
12
Let g(d) = -d + 21. What is g(-5)?
26
Let t(f) = -f**3 - 20*f**2 + 22*f - 16. Determine t(-21).
-37
Let l(r) = -r**3 + 2*r**2 - 2*r - 4. Determine l(4).
-44
Let g(h) = h**2 - 22*h + 77. Determine g(18).
5
Let t(p) = -2*p**2 - 16*p + 22. Calculate t(-9).
4
Let u(h) = 2*h**2 - 34*h - 12. Calculate u(15).
-72
Let m(y) = -5*y**2 + 2*y + 1. Give m(-2).
-23
Let f(k) = 24*k + 380. Calculate f(-16).
-4
Let b(u) = -u**2 + 5*u - 2. What is b(3)?
4
Let l(a) = -4*a**2 + 12*a - 5. Give l(3).
-5
Let l(h) = h**2 + h. Determine l(5).
30
Let k(j) = 13*j. What is k(4)?
52
Let f(t) = t**2 - 6*t - 1. Determine f(5).
-6
Let p(g) = -g**3 + 18*g**2 + 16*g + 43. Calculate p(19).
-14
Let a(q) = q**3 - 10*q**2 - 4*q + 4. Determine a(10).
-36
Let h(x) = -23*x + 986. Determine h(43).
-3
Let y(h) = -15*h + 2. Determine y(2).
-28
Let b(u) = u - 6. Give b(8).
2
Let f(z) = -z**3 + 9*z**2 - 16*z + 7. Give f(7).
-7
Let x(s) = -s**2 + 9*s. What is x(9)?
0
Let s(y) = -31*y - 131. Give s(-4).
-7
Let y(u) = u**2 + 4*u + 10. Calculate y(-5).
15
Let r(a) = -a**3 + 2*a**2 - 2*a + 1. Determine r(1).
0
Let m(h) = 2*h**3 + 26*h**2 - 27. Calculate m(-13).
-27
Let c(s) = -s**2 - 9*s + 728. What is c(-32)?
-8
Let j(z) = z**2 + 10*z + 2. Give j(-11).
13
Let p(m) = m**3 + 11*m**2 - 16*m - 13. Calculate p(-12).
35
Let a(p) = -18*p + 78. Give a(5).
-12
Let i(g) = -g**2 - g + 2. Determine i(0).
2
Let k(b) = b**3 - 14*b**2 + 14*b - 17. What is k(13)?
-4
Let x(t) = -t**2 + 8*t + 23. Give x(10).
3
Let k(t) = -t**3 + 10*t**2 + t - 16. Calculate k(10).
-6
Let d(q) = -q**2 - 4*q + 47. What is d(-9)?
2
Let n(q) = q**2 - q - 14. Calculate n(-4).
6
Let t(j) = 132*j + 268. Give t(-2).
4
Let t(x) = -x**2 + 7*x + 12. Give t(8).
4
Let y(z) = z**3 + 5*z**2 + 3*z + 5. Give y(-4).
9
Let x(s) = -12*s. Calculate x(-2).
24
Let k(h) = h**2 - 3*h + 4. Give k(2).
2
Let x(l) = -l - 2. Give x(-3).
1
Let i(s) = -6*s + 176. Determine i(29).
2
Let u(x) = 6*x**2 - 52*x - 11. What is u(9)?
7
Let n(d) = -2*d + 20. Calculate n(6).
8
Let x(w) = 3*w**2 - 53*w + 21. Calculate x(18).
39
Let x(f) = 4*f - 14. Give x(4).
2
Let u(t) = t**3 - 2*t**2 + t. Calculate u(4).
36
Let l(j) = 5*j + 13. What is l(3)?
28
Let a(m) = m**3 - 19*m**2 - 21*m + 48. Calculate a(20).
28
Let p(s) = -5*s**2 + 15*s + 20. Give p(4).
0
Let a(t) = -30*t - 12. Give a(-3).
78
Let u(c) = 8*c + 42. What is u(-6)?
-6
Let a(r) = 2*r**2 + 4*r - 3. What is a(2)?
13
Let j(h) = -h**2 - 5*h + 21. Calculate j(-9).
-15
Let v(k) = k**2 - 10*k + 8. Determine v(7).
-13
Let i(g) = -g**2 + 17*g - 36. Calculate i(10).
34
Let f(c) = 3*c**2 - 5*c + 12. Determine f(7).
124
Let o(g) = -3*g - 29. Calculate o(-7).
-8
Let n(m) = 7*m + 73. What is n(-14)?
-25
Let z(n) = 2*n**2 + 10*n - 9. What is z(-4)?
-17
Let k(p) = -147*p**3 - p**2 + p. What is k(1)?
-147
Let c(t) = 3*t**2 + 16*t - 8. Give c(-7).
27
Let j(c) = -84*c + 1267. What is j(15)?
7
Let t(u) = -2*u**2 + u + 3. What is t(-2)?
-7
Let g(x) = -x**3 - 6*x**2 - 2*x + 1. Give g(-4).
-23
Let w(m) = 2*m**2 - 43*m + 25. Determine w(21).
4
Let u(k) = -k - 21. Give u(-13).
-8
Let k(l) = -l**2 - 11*l + 17. Determine k(-12).
5
Let p(h) = h**3 + 2*h**2 - h + 5. What is p(0)?
5
Let t(l) = -53*l**2 + 11*l - 12. What is t(1)?
-54
Let h(a) = a**2 + 10*a + 9. Calculate h(-7).
-12
Let c(i) = 3*i**2 + 18*i + 9. Determine c(-5).
-6
Let p(k) = -4*k + 1. Determine p(5).
-19
Let t(h) = 4*h + 10. What is t(7)?
38
Let x(j) = j**3 + 4*j**2 - 3. Give x(1).
2
Let c(i) = -6*i**3 + 3*i**2 + i - 3. Give c(-2).
55
Let c(f) = f**3 + 11*f**2 + 12*f + 2. Calculate c(-10).
-18
Let z(r) = -r**3 + 4*r**2 + 3*r + 6. Determine z(4).
18
Let n(k) = -3*k**2 - 96*k - 30. What is n(-31)?
63
Let b(f) = f**3 + 5*f**2 - f - 15. What is b(-5)?
-10
Let v(a) = -a + 15. Determine v(12).
3
Let v(w) = -4*w**2 - 15*w - 9. Calculate v(-4).
-13
Let h(p) = p**2 + p + 38. Calculate h(0).
38
Let y(b) = -b**3 - 6*b**2 - 8*b - 2. Give y(-4).
-2
Let w(t) = -t + 3. What is w(6)?
-3
Let r(f) = -f**2 - 7*f - 2. Calculate r(-5).
8
Let i(l) = l**3 + 8*l**2 + 3*l + 10. Determine i(-8).
-14
Let u(z) = 17*z**2 - 3*z. Give u(1).
14
Let q(b) = 5*b - 27. Calculate q(11).
28
Let y(q) = -5*q - 1. Give y(8).
-41
Let y(h) = 6*h - 65. Give y(11).
1
Let g(i) = -17*i - 14. What is g(1)?
-31
Let v(p) = 11*p**2 - 3*p + 1. Calculate v(1).
9
Let q(v) = v - 30. Calculate q(4).
-26
Let i(f) = 2*f - 13. Determine i(17).
21
Let r(w) = -8*w + 52. Determine r(9).
-20
Let u(w) = 16*w**2 - 450*w + 65. Give u(28).
9
Let y(q) = q - 48. Determine y(0).
-48
Let s(z) = z**2 - 6*z - 109. Determine s(-8).
3
Let h(z) = -z**2 + 5. What is h(3)?
-4
Let s(w) = -w**3 - 10*w**2 + 9*w - 11. Determine s(-11).
11
Let h(v) = -v + 11. What is h(-14)?
25
Let b(u) = -26*u + 283. What is b(11)?
-3
Let r(h) = 5*h. Calculate r(2).
10
Let j(q) = 10*q**2 - 12*q - 11. Give j(-1).
11
Let u(t) = 39*t**3 - t**2 + 7*t + 8. What is u(-1)?
-39
Let j(h) = h**2 - 6. What is j(5)?
19
Let a(n) = n**2 + 36*n + 134. Calculate a(-32).
6
Let s(n) = -n**2 + 12*n - 4. Calculate s(13).
-17
Let k(g) = 2*g + 2. Give k(3).
8
Let y(a) = -a - 10. Determine y(-4).
-6
Let b(h) = 13*h**2 - 2*h. Calculate b(1).
11
Let c(h) = -h**2 - 15*h - 7. Give c(-7).
49
Let o(y) = 2*y**3 + y**2 - y - 1. What is o(-2)?
-11
Let z(h) = -h + 26. Determine z(9).
17
Let s(x) = 7*x + 34. Calculate s(-6).
-8
Let y(c) = -3*c - 20. Determine y(-4).
-8
Let q(c) = -c**2 + 2*c - 3. Calculate q(3).
-6
Let u(m) = 2*m**2 + 87*m - 229. Give u(-46).
1
Let y(p) = 8*p - 1. Calculate y(-3).
-25
Let a(g) = -g**2 + 44*g - 441. What is a(16)?
7
Let n(p) = -p**2 - 7*p + 25. Calculate n(-10).
-5
Let y(a) = -a**2 - 8*a. Calculate y(-10).
-20
Let b(l) = 4*l + 33. Give b(-4).
17
Let k(a) = a**2 - 6*a - 3. Gi